{"id":625,"date":"2016-11-16T08:35:16","date_gmt":"2016-11-16T08:35:16","guid":{"rendered":"https:\/\/broederupkarate.dk\/?page_id=625"},"modified":"2024-03-16T16:09:17","modified_gmt":"2024-03-16T15:09:17","slug":"home-3","status":"publish","type":"page","link":"https:\/\/broederupkarate.dk\/","title":{"rendered":"Br\u00f8derup Karate for hele familien"},"content":{"rendered":"<div class=\"wpb-content-wrapper\"><p>[vc_row full_width=&#8221;stretch_row&#8221;][vc_column][rev_slider_vc alias=&#8221;homeslider2&#8243;][\/vc_column][\/vc_row][vc_row full_width=&#8221;stretch_row&#8221; css=&#8221;.vc_custom_1709381920974{padding-top: 7em !important;padding-bottom: 9em !important;background-position: center !important;background-repeat: no-repeat !important;background-size: cover !important;}&#8221;][vc_column css_animation=&#8221;slideInLeft&#8221; width=&#8221;5\/12&#8243;][vc_column_text]<\/p>\n<h6 class=\"trx_addons_no_margins\" style=\"margin-bottom: 0.5em;\">Vi st\u00e5r for<\/h6>\n<h2 class=\"trx_addons_no_margins\" style=\"margin-bottom: 0.95em;\">Udvikling i et st\u00e6rkt f\u00e6llesskab<\/h2>\n<p style=\"font-weight: 400;\"><strong>Tr\u00e6ningen hos Br\u00f8derup Karate Klub er sjov og alsidig, kombineret med den traditionelle karate budo\u00e5nd.<\/strong><\/p>\n<p style=\"font-weight: 400;\"><strong>B\u00f8rnene l\u00e6rer karate via leg og udvikler sig individuelt.<\/strong><br \/>\n<strong>B\u00f8rnene l\u00e6rer ogs\u00e5 gensidig respekt, som f.eks. at give plads til at lytte til hinanden og drage omsorg, ligesom vi l\u00e6rer b\u00f8rnene at s\u00e6tte gr\u00e6nser og at h\u00f8re efter.<\/strong><\/p>\n<p style=\"font-weight: 400;\"><strong>Hos de unge juniorer og voksne l\u00e6gges der v\u00e6gt p\u00e5 disciplin, samtidig med at man udfordrer sig selv, s\u00e5 den enkelte hele tiden bliver en bedre udgave af sig selv i krop og sind.<\/strong><\/p>\n<p>[\/vc_column_text][vc_empty_space hide_on_mobile=&#8221;&#8221;][\/vc_column][vc_column width=&#8221;1\/4&#8243;][\/vc_column][vc_column width=&#8221;1\/3&#8243;][vc_column_text css=&#8221;.vc_custom_1709058027012{margin-bottom: 3em !important;}&#8221;]<img loading=\"lazy\" decoding=\"async\" class=\"size-medium wp-image-2984 aligncenter\" src=\"http:\/\/broederupkarate.dk\/wp-content\/uploads\/2024\/02\/20240227_070308-300x245.jpeg\" alt=\"\" width=\"300\" height=\"245\" srcset=\"https:\/\/broederupkarate.dk\/wp-content\/uploads\/2024\/02\/20240227_070308-300x245.jpeg 300w, https:\/\/broederupkarate.dk\/wp-content\/uploads\/2024\/02\/20240227_070308-370x303.jpeg 370w, https:\/\/broederupkarate.dk\/wp-content\/uploads\/2024\/02\/20240227_070308.jpeg 594w\" sizes=\"auto, (max-width: 300px) 100vw, 300px\" \/>[\/vc_column_text][vc_empty_space height=&#8221;1em&#8221; alter_height=&#8221;none&#8221; hide_on_mobile=&#8221;&#8221;][vc_column_text]<\/p>\n<blockquote>\n<ul>\n<li>Tr\u00e6n med respekt for din krop<\/li>\n<li>V\u00e6r ydmyg over for din tr\u00e6ning<\/li>\n<li>Karate udvikler b\u00e5de krop og sind<\/li>\n<li>Behandl andre med respekt<br \/>\n<em>Vi kan vise jer vejen, men vi kan ikke g\u00e5 den for jer<\/em><\/li>\n<\/ul>\n<p class=\"alignright\"><a href=\"https:\/\/broederupkarate.dk\/index.php\/team\/aaron-green\/\">Sempai Brian<\/a><\/p>\n<\/blockquote>\n<p>[\/vc_column_text][\/vc_column][\/vc_row][vc_row full_width=&#8221;stretch_row&#8221; css=&#8221;.vc_custom_1708897423354{padding-top: 7.8em !important;padding-bottom: 5.45em !important;background-image: url(http:\/\/broederupkarate.dk\/wp-content\/uploads\/2016\/11\/black_bg.jpg?id=298) !important;}&#8221;][vc_column]<div  id=\"sc_services_1663548746\" class=\"scheme_dark sc_services sc_services_imaged\" data-slides-per-view=\"3\" data-slides-min-width=\"200\"\t\t>\n\t\t<h6 class=\"sc_item_subtitle sc_services_subtitle sc_align_center sc_item_title_style_default\">Hvilket hold passer til dig<\/h6><h3 class=\"sc_item_title sc_services_title sc_align_center sc_item_title_style_default\">Tr\u00e6ningshold<\/h3><div class=\"sc_services_columns sc_item_columns trx_addons_columns_wrap columns_padding_bottom\"><div class=\"trx_addons_column-1_3\"><div class=\"sc_services_item with_image sc_services_item_featured_top\">\n<div class=\"post_featured with_thumb hover_dots sc_services_item_thumb\"><img loading=\"lazy\" decoding=\"async\" width=\"370\" height=\"235\" src=\"https:\/\/broederupkarate.dk\/wp-content\/uploads\/2016\/11\/20240219_173729-370x235.jpg\" class=\"attachment-samurai_school-thumb-med size-samurai_school-thumb-med wp-post-image\" alt=\"Popup events\" \/><div class=\"mask\"><\/div><a href=\"https:\/\/broederupkarate.dk\/index.php\/services\/popup-events\/\" aria-hidden=\"true\" class=\"icons\"><span><\/span><span><\/span><span><\/span><\/a><\/div>\t<div class=\"sc_services_item_info\">\n\t\t<div class=\"sc_services_item_header\">\n\t\t\t<h4 class=\"sc_services_item_title\"><a href=\"https:\/\/broederupkarate.dk\/index.php\/services\/popup-events\/\">Popup events<\/a><\/h4>\n\t\t<\/div>\n\t\t\t\t\t<div class=\"sc_services_item_content\"><p>[vc_row css=&#8221;.vc_custom_1479130132037{margin-top: 2em !important;}&#8221;][vc_column][vc_column_text]Vi afholder l\u00f8bende PopUp arrangementer. Dette kan v\u00e6re i forbindelse med ekstratr\u00e6ning til st\u00e6vner, selvforsvar kursus for kvinder, karatelejr eller m\u00e5ske et p\u00e5ske\/julehygge i klubben. Udover karaterelateret arrangementer, s\u00e5 afholder Br\u00f8derup Karate Klub lige s\u00e5 gerne events som ligger udenfor Dojoen. P\u00e5 den m\u00e5de fors\u00f8ger vi hos Br\u00f8derup Karate Klub, sikre et st\u00f8rre sammenhold i klubben som&hellip;<\/p>\n<\/div>\t\t\t\t\t<div class=\"sc_services_item_button sc_item_button\"><a href=\"https:\/\/broederupkarate.dk\/index.php\/services\/popup-events\/\" class=\"sc_button sc_button_default sc_button_size_normal\">Learn more<\/a><\/div>\n\n\t<\/div>\n<\/div>\n<\/div><div class=\"trx_addons_column-1_3\"><div class=\"sc_services_item with_image sc_services_item_featured_top\">\n<div class=\"post_featured with_thumb hover_dots sc_services_item_thumb\"><img loading=\"lazy\" decoding=\"async\" width=\"370\" height=\"235\" src=\"https:\/\/broederupkarate.dk\/wp-content\/uploads\/2024\/02\/20240220_133253-370x235.jpg\" class=\"attachment-samurai_school-thumb-med size-samurai_school-thumb-med wp-post-image\" alt=\"Voksenhold\" \/><div class=\"mask\"><\/div><a href=\"https:\/\/broederupkarate.dk\/index.php\/services\/voksenhold\/\" aria-hidden=\"true\" class=\"icons\"><span><\/span><span><\/span><span><\/span><\/a><\/div>\t<div class=\"sc_services_item_info\">\n\t\t<div class=\"sc_services_item_header\">\n\t\t\t<h4 class=\"sc_services_item_title\"><a href=\"https:\/\/broederupkarate.dk\/index.php\/services\/voksenhold\/\">Voksenhold<\/a><\/h4>\n\t\t<\/div>\n\t\t\t\t\t<div class=\"sc_services_item_content\"><p>[vc_row css=&#8221;.vc_custom_1479130132037{margin-top: 2em !important;}&#8221;][vc_column][vc_column_text css=&#8221;&#8221;] P\u00e5 vores voksenhold er der plads til alle, ogs\u00e5 selvom man har et par skavanker. Karatetr\u00e6ningen bliver p\u00e5 dette hold mere intens og disciplinen er langt h\u00f8jere. Karate kr\u00e6ver ikke nogen speciel foruds\u00e6tning, kun lysten til at l\u00e6re. S\u00e5 uanset alder kan du sagtens komme og tr\u00e6ne med. Det udvikler b\u00e5de din fysik, kropsforst\u00e5else og&hellip;<\/p>\n<\/div>\t\t\t\t\t<div class=\"sc_services_item_button sc_item_button\"><a href=\"https:\/\/broederupkarate.dk\/index.php\/services\/voksenhold\/\" class=\"sc_button sc_button_default sc_button_size_normal\">Learn more<\/a><\/div>\n\n\t<\/div>\n<\/div>\n<\/div><div class=\"trx_addons_column-1_3\"><div class=\"sc_services_item with_image sc_services_item_featured_top\">\n<div class=\"post_featured with_thumb hover_dots sc_services_item_thumb\"><img loading=\"lazy\" decoding=\"async\" width=\"370\" height=\"235\" src=\"https:\/\/broederupkarate.dk\/wp-content\/uploads\/2016\/11\/20240220_140154-370x235.jpg\" class=\"attachment-samurai_school-thumb-med size-samurai_school-thumb-med wp-post-image\" alt=\"Juniorhold\" \/><div class=\"mask\"><\/div><a href=\"https:\/\/broederupkarate.dk\/index.php\/services\/juniorhold\/\" aria-hidden=\"true\" class=\"icons\"><span><\/span><span><\/span><span><\/span><\/a><\/div>\t<div class=\"sc_services_item_info\">\n\t\t<div class=\"sc_services_item_header\">\n\t\t\t<h4 class=\"sc_services_item_title\"><a href=\"https:\/\/broederupkarate.dk\/index.php\/services\/juniorhold\/\">Juniorhold<\/a><\/h4>\n\t\t<\/div>\n\t\t\t\t\t<div class=\"sc_services_item_content\"><p>[vc_row css=&#8221;.vc_custom_1479130132037{margin-top: 2em !important;}&#8221;][vc_column][vc_column_text css=&#8221;&#8221;] Holdene er for b\u00f8rn fra ca. 10-16 \u00e5r Her tages der hensyn til b\u00f8rnenes alder og individuelle udviklingspotentiale. Jo yngre b\u00f8rnene er, jo mere fokus er der p\u00e5 en legende tilgang til tr\u00e6ningen, men som samtidig tager udgangspunkt i den traditionelle karate\u00e5nd. De l\u00e6rer at st\u00e5 stille og ikke forstyrre sidemanden. Jo \u00e6ldre b\u00f8rnene er,&hellip;<\/p>\n<\/div>\t\t\t\t\t<div class=\"sc_services_item_button sc_item_button\"><a href=\"https:\/\/broederupkarate.dk\/index.php\/services\/juniorhold\/\" class=\"sc_button sc_button_default sc_button_size_normal\">Learn more<\/a><\/div>\n\n\t<\/div>\n<\/div>\n<\/div><\/div><\/div><!-- \/.sc_services -->[\/vc_column][\/vc_row][vc_row full_width=&#8221;stretch_row&#8221; parallax=&#8221;content-moving&#8221; parallax_image=&#8221;3100&#8243; css=&#8221;.vc_custom_1709415629617{padding-top: 10em !important;padding-bottom: 9em !important;}&#8221;][vc_column width=&#8221;1\/2&#8243;]<div  id=\"sc_promo_803409352\" \n\tclass=\"sc_promo sc_promo_default sc_promo_size_normal sc_promo_no_paddings sc_promo_no_image\"><div class=\"sc_promo_text\" style=\"width: 100%;\">\n\t\t\t<div class=\"sc_promo_text_inner\" style=\"\"><h3 class=\"sc_item_title sc_promo_title sc_align_left sc_item_title_style_default\">Bliv medlem i dag!<\/h3><div class=\"sc_item_descr sc_promo_descr sc_align_left\">Kontigent kun 465 kr.<\/div><div class=\"sc_promo_content sc_item_content\">[vc_video link=&#8221;https:\/\/youtu.be\/YtLFWhaJVVw?si=dlhdS4yXyqlicGus&#8221; el_width=&#8221;90&#8243;]<\/div><div class=\"sc_item_button sc_item_button_default sc_promo_button sc_align_left sc_button_wrap\"><a href=\"https:\/\/ezme.io\/c\/dg\/eGCV\"\n\t id=\"sc_button_1019160482\" \n\tclass=\"sc_button sc_button_default sc_button_size_normal sc_button_icon_left\"\n\t\t><span class=\"sc_button_text\"><span class=\"sc_button_title\">Tilmeld dig her<\/span><\/span><!-- \/.sc_button_text --><\/a><!-- \/.sc_button --><\/div><!-- \/.sc_item_button sc_item_button_default sc_promo_button sc_align_left --><\/div>\n\t\t<\/div><!-- \/.sc_promo_text --><\/div><!-- \/.sc_promo -->[\/vc_column][vc_column width=&#8221;1\/2&#8243;][\/vc_column][\/vc_row][vc_row css=&#8221;.vc_custom_1479201526279{padding-top: 8em !important;padding-bottom: 8em !important;}&#8221;][vc_column]<div  id=\"sc_team_1141229596\" class=\"sc_team sc_team_short\" data-slides-per-view=\"3\" data-slides-min-width=\"150\"\t\t>\n\t\t<h6 class=\"sc_item_subtitle sc_team_subtitle sc_align_center sc_item_title_style_default\">Vores<\/h6><h3 class=\"sc_item_title sc_team_title sc_align_center sc_item_title_style_default\">Instrukt\u00f8rer<\/h3><div class=\"sc_team_columns sc_item_columns trx_addons_columns_wrap columns_padding_bottom\"><div class=\"trx_addons_column-1_3\"><div class=\"sc_team_item\">\n\t<div class=\"post_featured sc_team_item_thumb trx_addons_hover trx_addons_hover_style_zoomin\">\n\t\t\t\t\t\t\t\t\t\t<a href=\"https:\/\/broederupkarate.dk\/index.php\/team\/rebecca-pierce\/\" aria-hidden=\"true\"><img loading=\"lazy\" decoding=\"async\" width=\"405\" height=\"513\" src=\"https:\/\/broederupkarate.dk\/wp-content\/uploads\/2016\/11\/20240219_162201-405x513.jpg\" class=\"attachment-samurai_school-thumb-team size-samurai_school-thumb-team wp-post-image\" alt=\"Sempai Bolette\" \/><\/a>\n\t\t\t\t\t<div class=\"trx_addons_hover_mask\"><\/div><div class=\"trx_addons_hover_content\">\n\t\t\t\t\t\t\t\t<a href=\"\" class=\"trx_addons_hover_icon trx_addons_hover_icon_link\"><\/a>\n\t\t\t\t\t\t\t\t<a href=\"https:\/\/broederupkarate.dk\/wp-content\/uploads\/2016\/11\/20240219_162201-740x416.jpg\" class=\"trx_addons_hover_icon trx_addons_hover_icon_zoom\"><\/a>\n\t\t\t\t\t\t\t<\/div><\/div>\t<div class=\"sc_team_item_info\">\n\t\t<div class=\"sc_team_item_header\">\n\t\t\t<h4 class=\"sc_team_item_title\"><a href=\"https:\/\/broederupkarate.dk\/index.php\/team\/rebecca-pierce\/\">Sempai Bolette<\/a><\/h4>\n\t\t\t<div class=\"sc_team_item_subtitle\">Tr\u00e6ner - 1. Dan<\/div>\n\t\t<\/div>\n\t<\/div>\n<\/div>\n<\/div><div class=\"trx_addons_column-1_3\"><div class=\"sc_team_item\">\n\t<div class=\"post_featured sc_team_item_thumb trx_addons_hover trx_addons_hover_style_zoomin\">\n\t\t\t\t\t\t\t\t\t\t<a href=\"https:\/\/broederupkarate.dk\/index.php\/team\/aaron-green\/\" aria-hidden=\"true\"><img loading=\"lazy\" decoding=\"async\" width=\"405\" height=\"513\" src=\"https:\/\/broederupkarate.dk\/wp-content\/uploads\/2016\/11\/20240219_162003-405x513.jpg\" class=\"attachment-samurai_school-thumb-team size-samurai_school-thumb-team wp-post-image\" alt=\"Sempai Brian\" \/><\/a>\n\t\t\t\t\t<div class=\"trx_addons_hover_mask\"><\/div><div class=\"trx_addons_hover_content\">\n\t\t\t\t\t\t\t\t<a href=\"\" class=\"trx_addons_hover_icon trx_addons_hover_icon_link\"><\/a>\n\t\t\t\t\t\t\t\t<a href=\"https:\/\/broederupkarate.dk\/wp-content\/uploads\/2016\/11\/20240219_162003-740x416.jpg\" class=\"trx_addons_hover_icon trx_addons_hover_icon_zoom\"><\/a>\n\t\t\t\t\t\t\t<\/div><\/div>\t<div class=\"sc_team_item_info\">\n\t\t<div class=\"sc_team_item_header\">\n\t\t\t<h4 class=\"sc_team_item_title\"><a href=\"https:\/\/broederupkarate.dk\/index.php\/team\/aaron-green\/\">Sempai Brian<\/a><\/h4>\n\t\t\t<div class=\"sc_team_item_subtitle\">Tr\u00e6ner\/dagligleder - 2. Dan<\/div>\n\t\t<\/div>\n\t<\/div>\n<\/div>\n<\/div><div class=\"trx_addons_column-1_3\"><div class=\"sc_team_item\">\n\t<div class=\"post_featured sc_team_item_thumb trx_addons_hover trx_addons_hover_style_zoomin\">\n\t\t\t\t\t\t\t\t\t\t<a href=\"https:\/\/broederupkarate.dk\/index.php\/team\/heidi-hoffmann-hansen\/\" aria-hidden=\"true\"><img loading=\"lazy\" decoding=\"async\" width=\"405\" height=\"513\" src=\"https:\/\/broederupkarate.dk\/wp-content\/uploads\/2024\/02\/20240219_162326-405x513.jpg\" class=\"attachment-samurai_school-thumb-team size-samurai_school-thumb-team wp-post-image\" alt=\"Sempai Heidi\" \/><\/a>\n\t\t\t\t\t<div class=\"trx_addons_hover_mask\"><\/div><div class=\"trx_addons_hover_content\">\n\t\t\t\t\t\t\t\t<a href=\"\" class=\"trx_addons_hover_icon trx_addons_hover_icon_link\"><\/a>\n\t\t\t\t\t\t\t\t<a href=\"https:\/\/broederupkarate.dk\/wp-content\/uploads\/2024\/02\/20240219_162326-740x416.jpg\" class=\"trx_addons_hover_icon trx_addons_hover_icon_zoom\"><\/a>\n\t\t\t\t\t\t\t<\/div><\/div>\t<div class=\"sc_team_item_info\">\n\t\t<div class=\"sc_team_item_header\">\n\t\t\t<h4 class=\"sc_team_item_title\"><a href=\"https:\/\/broederupkarate.dk\/index.php\/team\/heidi-hoffmann-hansen\/\">Sempai Heidi<\/a><\/h4>\n\t\t\t<div class=\"sc_team_item_subtitle\">Tr\u00e6ner - 2. Dan<\/div>\n\t\t<\/div>\n\t<\/div>\n<\/div>\n<\/div><\/div><\/div><!-- \/.sc_team --><div  id=\"sc_team_1662032733\" class=\"sc_team sc_team_short\" data-slides-per-view=\"3\" data-slides-min-width=\"150\"\t\t>\n\t\t<div class=\"sc_team_columns sc_item_columns trx_addons_columns_wrap columns_padding_bottom\"><div class=\"trx_addons_column-1_3\"><div class=\"sc_team_item\">\n\t<div class=\"post_featured sc_team_item_thumb trx_addons_hover trx_addons_hover_style_zoomin\">\n\t\t\t\t\t\t\t\t\t\t<a href=\"https:\/\/broederupkarate.dk\/index.php\/team\/astrid\/\" aria-hidden=\"true\"><img loading=\"lazy\" decoding=\"async\" width=\"405\" height=\"480\" src=\"https:\/\/broederupkarate.dk\/wp-content\/uploads\/2024\/02\/astrid-405x480.jpeg\" class=\"attachment-samurai_school-thumb-team size-samurai_school-thumb-team wp-post-image\" alt=\"Sempai Astrid\" \/><\/a>\n\t\t\t\t\t<div class=\"trx_addons_hover_mask\"><\/div><div class=\"trx_addons_hover_content\">\n\t\t\t\t\t\t\t\t<a href=\"\" class=\"trx_addons_hover_icon trx_addons_hover_icon_link\"><\/a>\n\t\t\t\t\t\t\t\t<a href=\"https:\/\/broederupkarate.dk\/wp-content\/uploads\/2024\/02\/astrid-640x416.jpeg\" class=\"trx_addons_hover_icon trx_addons_hover_icon_zoom\"><\/a>\n\t\t\t\t\t\t\t<\/div><\/div>\t<div class=\"sc_team_item_info\">\n\t\t<div class=\"sc_team_item_header\">\n\t\t\t<h4 class=\"sc_team_item_title\"><a href=\"https:\/\/broederupkarate.dk\/index.php\/team\/astrid\/\">Sempai Astrid<\/a><\/h4>\n\t\t\t<div class=\"sc_team_item_subtitle\">Hj\u00e6lpeinstrukt\u00f8r - Junior 1. Dan<\/div>\n\t\t<\/div>\n\t<\/div>\n<\/div>\n<\/div><div class=\"trx_addons_column-1_3\"><div class=\"sc_team_item\">\n\t<div class=\"post_featured sc_team_item_thumb trx_addons_hover trx_addons_hover_style_zoomin\">\n\t\t\t\t\t\t\t\t\t\t<a href=\"https:\/\/broederupkarate.dk\/index.php\/team\/malte\/\" aria-hidden=\"true\"><img loading=\"lazy\" decoding=\"async\" width=\"405\" height=\"480\" src=\"https:\/\/broederupkarate.dk\/wp-content\/uploads\/2024\/02\/Malte-405x480.jpeg\" class=\"attachment-samurai_school-thumb-team size-samurai_school-thumb-team wp-post-image\" alt=\"Sempai Malte\" \/><\/a>\n\t\t\t\t\t<div class=\"trx_addons_hover_mask\"><\/div><div class=\"trx_addons_hover_content\">\n\t\t\t\t\t\t\t\t<a href=\"\" class=\"trx_addons_hover_icon trx_addons_hover_icon_link\"><\/a>\n\t\t\t\t\t\t\t\t<a href=\"https:\/\/broederupkarate.dk\/wp-content\/uploads\/2024\/02\/Malte-640x416.jpeg\" class=\"trx_addons_hover_icon trx_addons_hover_icon_zoom\"><\/a>\n\t\t\t\t\t\t\t<\/div><\/div>\t<div class=\"sc_team_item_info\">\n\t\t<div class=\"sc_team_item_header\">\n\t\t\t<h4 class=\"sc_team_item_title\"><a href=\"https:\/\/broederupkarate.dk\/index.php\/team\/malte\/\">Sempai Malte<\/a><\/h4>\n\t\t\t<div class=\"sc_team_item_subtitle\">Hj\u00e6lpeinstrukt\u00f8r - Junior 1.Dan<\/div>\n\t\t<\/div>\n\t<\/div>\n<\/div>\n<\/div><\/div><\/div><!-- \/.sc_team -->[\/vc_column][\/vc_row]<\/p>\n<\/div>","protected":false},"excerpt":{"rendered":"<p>[vc_row full_width=&#8221;stretch_row&#8221;][vc_column][rev_slider_vc alias=&#8221;homeslider2&#8243;][\/vc_column][\/vc_row][vc_row full_width=&#8221;stretch_row&#8221; css=&#8221;.vc_custom_1709381920974{padding-top: 7em !important;padding-bottom: 9em !important;background-position: center !important;background-repeat: no-repeat !important;background-size: cover !important;}&#8221;][vc_column css_animation=&#8221;slideInLeft&#8221; width=&#8221;5\/12&#8243;][vc_column_text] Vi st\u00e5r for Udvikling i et st\u00e6rkt f\u00e6llesskab Tr\u00e6ningen hos Br\u00f8derup Karate Klub er sjov og alsidig, kombineret med den traditionelle karate budo\u00e5nd. B\u00f8rnene l\u00e6rer karate via leg og udvikler sig individuelt. B\u00f8rnene l\u00e6rer ogs\u00e5 gensidig respekt, som f.eks. at give plads til&hellip;<\/p>\n","protected":false},"author":1,"featured_media":0,"parent":0,"menu_order":0,"comment_status":"closed","ping_status":"closed","template":"","meta":{"_price":"","_stock":"","_tribe_ticket_header":"","_tribe_default_ticket_provider":"","_tribe_ticket_capacity":"0","_ticket_start_date":"","_ticket_end_date":"","_tribe_ticket_show_description":"","_tribe_ticket_show_not_going":false,"_tribe_ticket_use_global_stock":"","_tribe_ticket_global_stock_level":"","_global_stock_mode":"","_global_stock_cap":"","_tribe_rsvp_for_event":"","_tribe_ticket_going_count":"","_tribe_ticket_not_going_count":"","_tribe_tickets_list":"[]","_tribe_ticket_has_attendee_info_fields":false,"footnotes":"","_tec_slr_enabled":"","_tec_slr_layout":""},"class_list":["post-625","page","type-page","status-publish","hentry"],"ticketed":false,"_links":{"self":[{"href":"https:\/\/broederupkarate.dk\/index.php\/wp-json\/wp\/v2\/pages\/625","targetHints":{"allow":["GET"]}}],"collection":[{"href":"https:\/\/broederupkarate.dk\/index.php\/wp-json\/wp\/v2\/pages"}],"about":[{"href":"https:\/\/broederupkarate.dk\/index.php\/wp-json\/wp\/v2\/types\/page"}],"author":[{"embeddable":true,"href":"https:\/\/broederupkarate.dk\/index.php\/wp-json\/wp\/v2\/users\/1"}],"replies":[{"embeddable":true,"href":"https:\/\/broederupkarate.dk\/index.php\/wp-json\/wp\/v2\/comments?post=625"}],"version-history":[{"count":0,"href":"https:\/\/broederupkarate.dk\/index.php\/wp-json\/wp\/v2\/pages\/625\/revisions"}],"wp:attachment":[{"href":"https:\/\/broederupkarate.dk\/index.php\/wp-json\/wp\/v2\/media?parent=625"}],"curies":[{"name":"wp","href":"https:\/\/api.w.org\/{rel}","templated":true}]}}