{"id":3066,"date":"2024-03-02T14:38:59","date_gmt":"2024-03-02T13:38:59","guid":{"rendered":"https:\/\/broederupkarate.dk\/?page_id=3066"},"modified":"2024-03-02T22:47:05","modified_gmt":"2024-03-02T21:47:05","slug":"privatlivspolitik","status":"publish","type":"page","link":"http:\/\/broederupkarate.dk\/index.php\/privatlivspolitik\/","title":{"rendered":"Privatlivspolitik"},"content":{"rendered":"<div class=\"wpb-content-wrapper\"><p>[vc_row][vc_column icons_position=&#8221;left&#8221;][vc_column_text]<strong>Privatlivspolitik for Br\u00f8derup Karate Klub<\/strong><\/p>\n<p>Senest \u00e6ndret 01.03.2024<\/p>\n<p><strong>Br\u00f8derup Karate Klubs dataansvar<\/strong><\/p>\n<p>Vi behandler personoplysninger og har derfor vedtaget denne privatlivspolitik, der kort fort\u00e6ller dig, hvordan vi behandler dine personoplysninger til sikring af en fair og gennemsigtig behandling. Gennemg\u00e5ende for vores databehandling er, at vi kun behandler personoplysninger til bestemte form\u00e5l og ud fra berettigede (legitime) interesser. Vi behandler kun personoplysninger, der er relevante og n\u00f8dvendige til opfyldelse af de angivne form\u00e5l, og vi sletter dine oplysninger, n\u00e5r de ikke l\u00e6ngere er n\u00f8dvendige.<\/p>\n<p><strong>Kontaktoplysninger p\u00e5 den dataansvarlige<\/strong><\/p>\n<p>Br\u00f8derup Karate Klub er dataansvarlig, og vi sikrer, at dine personoplysninger behandles i overensstemmelse med lovgivningen.<\/p>\n<p><strong>Kontaktoplysninger<\/strong>:<\/p>\n<p>Kontaktperson: Brian Raun<br \/>\nAdresse: Kildeg\u00e5rdsvej 38, Fensmark<br \/>\n4684 Holmegaard<br \/>\nCVR: 35169318<br \/>\nTelefonnr.: +45 52 80 59 69<br \/>\nMail: <a href=\"https:\/\/web.archive.org\/web\/20230128172035\/mailto:Broederupkarate@gmail.com\">Broederupkarate@gmail.com<\/a><br \/>\nWebsite: <a href=\"https:\/\/web.archive.org\/web\/20230128172035\/http:\/\/www.broederupkarate.dk\/\">www.broederupkarate.dk<\/a><\/p>\n<p><strong>Behandling af personoplysninger<\/strong><\/p>\n<p>Vi behandler f\u00f8lgende personoplysninger:<\/p>\n<ul>\n<li>Medlemsoplysninger:<\/li>\n<\/ul>\n<p>\u2013 Almindelige personoplysninger:<\/p>\n<p>o Kontaktoplysninger som navn, adresse,<\/p>\n<p>indmeldelsesdato, telefonnummer, f\u00f8dselsdato, e-mailadresse \u2013<\/p>\n<p>&nbsp;<\/p>\n<ul>\n<li>Oplysninger om ledere og tr\u00e6nere:<br \/>\n\u2013 Almindelige personoplysninger:<\/li>\n<\/ul>\n<p>o Kontaktoplysninger som adresse, telefonnummer og e-mailadresse<br \/>\no Andre oplysninger om tillidsposter, andre hverv i relation til foreningen og bankkontonummer<\/p>\n<p>\u2013 Personoplysninger, der er tillagt en h\u00f8jere grad af beskyttelse:<\/p>\n<p>o CPR-nummer<br \/>\no Oplysninger om strafbare forhold ved indhentelse af b\u00f8rneattest<\/p>\n<p>&nbsp;<\/p>\n<p><strong>Her indsamler vi oplysninger fra<\/strong><br \/>\nNormalt f\u00e5r vi oplysningerne fra dig.<\/p>\n<p><strong>Foreningens form\u00e5l med behandling af dine personoplysninger<\/strong><\/p>\n<p>Vi behandler dine personoplysninger til bestemte form\u00e5l, n\u00e5r vi har en lovlig grund.<br \/>\nLovlige grunde til behandling er s\u00e6rligt:<\/p>\n<ul>\n<li>Foreningens berettigede (legitime) interesser i at behandle dine oplysninger interesseafvejningsreglen)<br \/>\n\u00b7 At det er n\u00f8dvendigt for at opfylde en kontrakt med dig<br \/>\n\u00b7 Behandling efter lovkrav<br \/>\n\u00b7 Behandling med samtykke<\/li>\n<\/ul>\n<p>Form\u00e5lene:<\/p>\n<ul>\n<li>Form\u00e5l med behandling af medlemsoplysninger:<\/li>\n<li>Foreningens medlemsh\u00e5ndtering, herunder kontingentopkr\u00e6vning<\/li>\n<li>Som led i foreningens idr\u00e6tsaktiviteter og andre aktiviteter, herunder<br \/>\nplanl\u00e6gning, gennemf\u00f8relse og opf\u00f8lgning<\/li>\n<li>Opfyldelse af lovkrav, herunder folkeoplysningsloven<\/li>\n<li>Levering af varer og ydelser du har bestilt<\/li>\n<li>Administration af din relation til os<\/li>\n<\/ul>\n<p><strong>Vi behandler kun personoplysninger ud fra legitime interesser<\/strong><\/p>\n<p>I det omfang vi behandler dine medlemsoplysninger p\u00e5 baggrund af interesseafvejningsreglen, vil denne behandling udelukkende v\u00e6re motiveret af berettigede (legitime) interesser som:<\/p>\n<ul>\n<li>Ud\u00f8velse af idr\u00e6tsaktivitet, herunder udf\u00e6rdigelse af holdkort, holdopstillinger, interne<br \/>\nresultatlister m.v.<br \/>\n\u00b7 H\u00e5ndtering af dine medlemsrettigheder i henhold til vedt\u00e6gterne m.v., herunder i forhold til generalforsamling<br \/>\n\u00b7 Opfyldelse af medlemspligter, herunder opkr\u00e6vning og betaling af kontingent m.v.<br \/>\n\u00b7 Afholdelse af sociale arrangementer, sportslige aktiviteter samt andre aktiviteter<br \/>\n\u00b7 Brug af situationsbilleder taget i foreningen, der afbilder en konkret aktivitet eller situation i foreningen<br \/>\n\u00b7 Videregivelse af dine almindelige personoplysninger til specialforbund i DIF, til DGI samt til DGI\u2019s landsdelskontorer, i relevant og n\u00f8dvendigt omfang i forbindelse med idr\u00e6tsaktivitet<br \/>\n\u00b7 Da foreningen er medlem af idr\u00e6tsorganisationer, sker der videregivelse af oplysninger om ledere og tr\u00e6ner til disse, for at ledere og tr\u00e6nere kan modtage information og aktivitets- og kursustilbud fra disse idr\u00e6tsorganisationer<br \/>\n\u00b7 Af praktiske og administrative hensyn opbevarer vi dine almindelige medlemsoplysninger ogs\u00e5 i en periode efter din udmeldelse af foreningen<br \/>\n\u00b7 Af hensyn til kontaktmuligheder kan der for b\u00f8rn og unge under 18 \u00e5r behandles oplysninger om for\u00e6ldrene<br \/>\n\u00b7 Bevaring af oplysninger med historisk v\u00e6rdi til statistik og lignende<\/li>\n<\/ul>\n<p><strong>Samtykke<\/strong><\/p>\n<p>Oftest vil vores behandling af dine personoplysninger basere sig p\u00e5 et andet lovligt grundlag end samtykke. Vi indhenter derfor kun dit samtykke, n\u00e5r det i sj\u00e6ldne tilf\u00e6lde er n\u00f8dvendigt for at behandle dine personoplysninger til de form\u00e5l, der er beskrevet ovenfor. Hvis vi indhenter dit samtykke, er det frivilligt, om du vil give samtykke, og du kan til enhver tid tr\u00e6kke det tilbage ved at give os besked om det. N\u00e5r vi indhenter personoplysninger om b\u00f8rn og unge, foretager vi en vurdering af, om barnet selv er i stand til at afgive de p\u00e5g\u00e6ldende personoplysninger. Hvis ikke, indhenter vi samtykke fra en for\u00e6lder. Vores udgangspunkt er 15 \u00e5r. Indsamler vi personoplysninger p\u00e5 b\u00f8rn via informationstjenester (apps og sociale medier), kan b\u00f8rn fra og med de er fyldt 13 \u00e5r selv afgive samtykke.<\/p>\n<p><strong>Videregivelse af dine personoplysninger<\/strong><\/p>\n<p>I forbindelse med idr\u00e6tsaktivitet sker der videregivelse af oplysninger om deltagelse og resultater til relevante idr\u00e6tsorganisationer. Der sker videregivelse af oplysninger om ledere og tr\u00e6nere i relevant omfang til idr\u00e6tsorganisationer, som foreningen er medlem af.<br \/>\nVi videregiver ikke personoplysninger til firmaer til markedsf\u00f8ring uden dit samtykke.<\/p>\n<p><strong>Opbevaring og sletning af dine personoplysninger<\/strong><\/p>\n<p>Vi har forskellige behandlingsform\u00e5l og opbevaringsperioder alt efter, om vi behandler dine personoplysninger som medlem af foreningen eller som ul\u00f8nnet leder eller tr\u00e6ner:<\/p>\n<p>Medlemmer:<br \/>\nVi vil opbevare dine personoplysninger i en periode fra medlemskabets oph\u00f8r og i overensstemmelse med f\u00f8lgende kriterier:<\/p>\n<ul>\n<li>Af praktiske og administrative hensyn opbevarer vi dine almindelige medlemsoplysninger i op til 1 \u00e5r efter din udmeldelse af foreningen.<\/li>\n<\/ul>\n<p>Ul\u00f8nnede ledere og tr\u00e6nere:<br \/>\nVi vil opbevare dine personoplysninger i en periode fra oph\u00f8ret af dit virke og i overensstemmelse med f\u00f8lgende kriterier:<\/p>\n<ul>\n<li>Af praktiske og administrative hensyn opbevarer vi dine almindelige<br \/>\nmedlemsoplysninger i op til 1 \u00e5r efter din udmeldelse af foreningen.<\/li>\n<\/ul>\n<p>Vi opbevarer dog oplysninger p\u00e5 s\u00e5vel medlemmer, ledere og tr\u00e6nere til statistik og lignende, s\u00e5 l\u00e6nge de har historisk v\u00e6rdi.<\/p>\n<p><strong>Dine rettigheder<\/strong><\/p>\n<p>Du har en r\u00e6kke s\u00e6rlige rettigheder efter persondataforordningen, n\u00e5r vi behandler personoplysninger om dig:<\/p>\n<ul>\n<li>Retten til at blive oplyst om behandlingen af data<br \/>\n\u2022 Retten til indsigt i egne personoplysninger<br \/>\n\u2022 Retten til berigtigelse<br \/>\n\u2022 Retten til sletning<br \/>\n\u2022 Retten til begr\u00e6nsning af behandling<br \/>\n\u2022 Retten til dataportabilitet (udlevering af data i et almindeligt anvendt format)<br \/>\n\u2022 Retten til indsigelse<\/li>\n<\/ul>\n<p>Du kan g\u00f8re brug af dine rettigheder, herunder g\u00f8re indsigelse mod vores behandling, ved at henvende dig til os. Vores kontaktoplysninger finder du \u00f8verst. Hvis du f.eks. henvender dig med en anmodning om at f\u00e5 rettet eller slettet dine personoplysninger, unders\u00f8ger vi, om betingelserne er opfyldt, og gennemf\u00f8rer i s\u00e5 fald \u00e6ndringer eller sletning s\u00e5 hurtigt som muligt. Du kan altid indgive en klage til en databeskyttelsestilsynsmyndighed, f.eks. Datatilsynet.<\/p>\n<p><strong>Revidering af privatlivspolitikken<\/strong><\/p>\n<p>Vi forbeholder os retten til at foretage \u00e6ndringer i denne privatlivspolitik fra tid til anden. Ved \u00e6ndringer vil datoen \u00f8verst i privatlivspolitikken blive \u00e6ndret. Den til enhver tid g\u00e6ldende privatlivspolitik vil v\u00e6re tilg\u00e6ngelig p\u00e5 vores websted. Ved v\u00e6sentlige \u00e6ndringer vil du modtage meddelelse herom.[\/vc_column_text][\/vc_column][\/vc_row]<\/p>\n<\/div>","protected":false},"excerpt":{"rendered":"<p>[vc_row][vc_column icons_position=&#8221;left&#8221;][vc_column_text]Privatlivspolitik for Br\u00f8derup Karate Klub Senest \u00e6ndret 01.03.2024 Br\u00f8derup Karate Klubs dataansvar Vi behandler personoplysninger og har derfor vedtaget denne privatlivspolitik, der kort fort\u00e6ller dig, hvordan vi behandler dine personoplysninger til sikring af en fair og gennemsigtig behandling. Gennemg\u00e5ende for vores databehandling er, at vi kun behandler personoplysninger til bestemte form\u00e5l og ud fra berettigede (legitime) interesser. Vi behandler&hellip;<\/p>\n","protected":false},"author":1,"featured_media":0,"parent":0,"menu_order":0,"comment_status":"closed","ping_status":"closed","template":"","meta":{"_price":"","_stock":"","_tribe_ticket_header":"","_tribe_default_ticket_provider":"","_tribe_ticket_capacity":"0","_ticket_start_date":"","_ticket_end_date":"","_tribe_ticket_show_description":"","_tribe_ticket_show_not_going":false,"_tribe_ticket_use_global_stock":"","_tribe_ticket_global_stock_level":"","_global_stock_mode":"","_global_stock_cap":"","_tribe_rsvp_for_event":"","_tribe_ticket_going_count":"","_tribe_ticket_not_going_count":"","_tribe_tickets_list":"[]","_tribe_ticket_has_attendee_info_fields":false,"footnotes":"","_tec_slr_enabled":"","_tec_slr_layout":""},"class_list":["post-3066","page","type-page","status-publish","hentry"],"ticketed":false,"_links":{"self":[{"href":"http:\/\/broederupkarate.dk\/index.php\/wp-json\/wp\/v2\/pages\/3066","targetHints":{"allow":["GET"]}}],"collection":[{"href":"http:\/\/broederupkarate.dk\/index.php\/wp-json\/wp\/v2\/pages"}],"about":[{"href":"http:\/\/broederupkarate.dk\/index.php\/wp-json\/wp\/v2\/types\/page"}],"author":[{"embeddable":true,"href":"http:\/\/broederupkarate.dk\/index.php\/wp-json\/wp\/v2\/users\/1"}],"replies":[{"embeddable":true,"href":"http:\/\/broederupkarate.dk\/index.php\/wp-json\/wp\/v2\/comments?post=3066"}],"version-history":[{"count":0,"href":"http:\/\/broederupkarate.dk\/index.php\/wp-json\/wp\/v2\/pages\/3066\/revisions"}],"wp:attachment":[{"href":"http:\/\/broederupkarate.dk\/index.php\/wp-json\/wp\/v2\/media?parent=3066"}],"curies":[{"name":"wp","href":"https:\/\/api.w.org\/{rel}","templated":true}]}}