{"id":278,"date":"2016-11-02T12:00:23","date_gmt":"2016-11-02T12:00:23","guid":{"rendered":"https:\/\/broederupkarate.dk\/?page_id=278"},"modified":"2025-06-08T15:25:17","modified_gmt":"2025-06-08T13:25:17","slug":"programs","status":"publish","type":"page","link":"http:\/\/broederupkarate.dk\/index.php\/programs\/","title":{"rendered":"Tr\u00e6ningshold"},"content":{"rendered":"<div class=\"wpb-content-wrapper\"><p>[vc_row css=&#8221;.vc_custom_1479126491885{padding-bottom: 4.8em !important;}&#8221;][vc_column]<div  id=\"sc_services_851983823\" class=\"sc_services sc_services_imaged\" data-slides-per-view=\"3\" data-slides-min-width=\"200\"\t\t>\n\t\t<h6 class=\"sc_item_subtitle sc_services_subtitle sc_align_center sc_item_title_style_default\">Hvilket hold passer til dig<\/h6><h3 class=\"sc_item_title sc_services_title sc_align_center sc_item_title_style_default\">TR\u00c6NINGSHOLD<\/h3><div class=\"sc_services_columns sc_item_columns trx_addons_columns_wrap columns_padding_bottom\"><div class=\"trx_addons_column-1_3\"><div class=\"sc_services_item without_content with_image sc_services_item_featured_top\">\n<div class=\"post_featured with_thumb hover_dots sc_services_item_thumb\"><img loading=\"lazy\" decoding=\"async\" width=\"370\" height=\"235\" src=\"http:\/\/broederupkarate.dk\/wp-content\/uploads\/2025\/06\/venmed2-modified-370x235.jpg\" class=\"attachment-samurai_school-thumb-med size-samurai_school-thumb-med wp-post-image\" alt=\"Kidshold\" \/><div class=\"mask\"><\/div><a href=\"http:\/\/broederupkarate.dk\/index.php\/services\/kidshold\/\" aria-hidden=\"true\" class=\"icons\"><span><\/span><span><\/span><span><\/span><\/a><\/div>\t<div class=\"sc_services_item_info\">\n\t\t<div class=\"sc_services_item_header\">\n\t\t\t<h4 class=\"sc_services_item_title\"><a href=\"http:\/\/broederupkarate.dk\/index.php\/services\/kidshold\/\">Kidshold<\/a><\/h4>\n\t\t<\/div>\n\t\t\t\t\t<div class=\"sc_services_item_button sc_item_button\"><a href=\"http:\/\/broederupkarate.dk\/index.php\/services\/kidshold\/\" class=\"sc_button sc_button_default sc_button_size_normal\">Learn more<\/a><\/div>\n\n\t<\/div>\n<\/div>\n<\/div><div class=\"trx_addons_column-1_3\"><div class=\"sc_services_item without_content with_image sc_services_item_featured_top\">\n<div class=\"post_featured with_thumb hover_dots sc_services_item_thumb\"><img loading=\"lazy\" decoding=\"async\" width=\"370\" height=\"235\" src=\"http:\/\/broederupkarate.dk\/wp-content\/uploads\/2016\/11\/20240220_140154-370x235.jpg\" class=\"attachment-samurai_school-thumb-med size-samurai_school-thumb-med wp-post-image\" alt=\"Juniorhold\" \/><div class=\"mask\"><\/div><a href=\"http:\/\/broederupkarate.dk\/index.php\/services\/juniorhold\/\" aria-hidden=\"true\" class=\"icons\"><span><\/span><span><\/span><span><\/span><\/a><\/div>\t<div class=\"sc_services_item_info\">\n\t\t<div class=\"sc_services_item_header\">\n\t\t\t<h4 class=\"sc_services_item_title\"><a href=\"http:\/\/broederupkarate.dk\/index.php\/services\/juniorhold\/\">Juniorhold<\/a><\/h4>\n\t\t<\/div>\n\t\t\t\t\t<div class=\"sc_services_item_button sc_item_button\"><a href=\"http:\/\/broederupkarate.dk\/index.php\/services\/juniorhold\/\" class=\"sc_button sc_button_default sc_button_size_normal\">Learn more<\/a><\/div>\n\n\t<\/div>\n<\/div>\n<\/div><div class=\"trx_addons_column-1_3\"><div class=\"sc_services_item without_content with_image sc_services_item_featured_top\">\n<div class=\"post_featured with_thumb hover_dots sc_services_item_thumb\"><img loading=\"lazy\" decoding=\"async\" width=\"370\" height=\"235\" src=\"http:\/\/broederupkarate.dk\/wp-content\/uploads\/2024\/02\/20240220_133253-370x235.jpg\" class=\"attachment-samurai_school-thumb-med size-samurai_school-thumb-med wp-post-image\" alt=\"Voksenhold\" \/><div class=\"mask\"><\/div><a href=\"http:\/\/broederupkarate.dk\/index.php\/services\/voksenhold\/\" aria-hidden=\"true\" class=\"icons\"><span><\/span><span><\/span><span><\/span><\/a><\/div>\t<div class=\"sc_services_item_info\">\n\t\t<div class=\"sc_services_item_header\">\n\t\t\t<h4 class=\"sc_services_item_title\"><a href=\"http:\/\/broederupkarate.dk\/index.php\/services\/voksenhold\/\">Voksenhold<\/a><\/h4>\n\t\t<\/div>\n\t\t\t\t\t<div class=\"sc_services_item_button sc_item_button\"><a href=\"http:\/\/broederupkarate.dk\/index.php\/services\/voksenhold\/\" class=\"sc_button sc_button_default sc_button_size_normal\">Learn more<\/a><\/div>\n\n\t<\/div>\n<\/div>\n<\/div><div class=\"trx_addons_column-1_3\"><div class=\"sc_services_item without_content with_image sc_services_item_featured_top\">\n<div class=\"post_featured with_thumb hover_dots sc_services_item_thumb\"><img loading=\"lazy\" decoding=\"async\" width=\"370\" height=\"235\" src=\"http:\/\/broederupkarate.dk\/wp-content\/uploads\/2016\/11\/20240219_173729-370x235.jpg\" class=\"attachment-samurai_school-thumb-med size-samurai_school-thumb-med wp-post-image\" alt=\"Popup events\" \/><div class=\"mask\"><\/div><a href=\"http:\/\/broederupkarate.dk\/index.php\/services\/popup-events\/\" aria-hidden=\"true\" class=\"icons\"><span><\/span><span><\/span><span><\/span><\/a><\/div>\t<div class=\"sc_services_item_info\">\n\t\t<div class=\"sc_services_item_header\">\n\t\t\t<h4 class=\"sc_services_item_title\"><a href=\"http:\/\/broederupkarate.dk\/index.php\/services\/popup-events\/\">Popup events<\/a><\/h4>\n\t\t<\/div>\n\t\t\t\t\t<div class=\"sc_services_item_button sc_item_button\"><a href=\"http:\/\/broederupkarate.dk\/index.php\/services\/popup-events\/\" class=\"sc_button sc_button_default sc_button_size_normal\">Learn more<\/a><\/div>\n\n\t<\/div>\n<\/div>\n<\/div><\/div><\/div><!-- \/.sc_services -->[\/vc_column][\/vc_row][vc_row][vc_column][vc_column_text]<\/p>\n<h4 style=\"text-align: center;\">Tr\u00e6n traditionel karate<\/h4>\n<p style=\"text-align: center;\">Vi tr\u00e6ner Okinawa Go-ju-Ryu karate do i Korskilde hallen.<br \/>\nTr\u00e6ningen er tilpasset nutiden uden at glemme den traditionelle karat disciplin.<br \/>\nVi l\u00e6gger v\u00e6gt p\u00e5, at hver enkel elev kan udvikle sig individuelt. Alle kan tr\u00e6ne karate uanset eventuelle handicap.<\/p>\n<p style=\"text-align: center;\">Karatetr\u00e6ningen styrker den enkeltes selvv\u00e6rd og selvsikkerhed og er god som personlig udvikling.<\/p>\n<p style=\"text-align: center;\">I klubben l\u00e6gger vi stor v\u00e6gt p\u00e5 et godt sammenhold med masser af aktiviteter b\u00e5de med tr\u00e6ning\/lejr og st\u00e6vner men samtidige ogs\u00e5 arrangementer hvor man bare hygger.<\/p>\n<p>[\/vc_column_text][\/vc_column][\/vc_row][vc_row css=&#8221;.vc_custom_1479126766829{padding-top: 7.15em !important;}&#8221;][vc_column]<div  id=\"sc_team_875018258\" class=\"sc_team sc_team_short\" data-slides-per-view=\"3\" data-slides-min-width=\"150\"\t\t>\n\t\t<h6 class=\"sc_item_subtitle sc_team_subtitle sc_align_center sc_item_title_style_default\">Vores<\/h6><h3 class=\"sc_item_title sc_team_title sc_align_center sc_item_title_style_default\">INSTRUKT\u00d8RER<\/h3><div class=\"sc_team_columns sc_item_columns trx_addons_columns_wrap columns_padding_bottom\"><div class=\"trx_addons_column-1_3\"><div class=\"sc_team_item\">\n\t<div class=\"post_featured sc_team_item_thumb trx_addons_hover trx_addons_hover_style_zoomin\">\n\t\t\t\t\t\t\t\t\t\t<a href=\"http:\/\/broederupkarate.dk\/index.php\/team\/rebecca-pierce\/\" aria-hidden=\"true\"><img loading=\"lazy\" decoding=\"async\" width=\"405\" height=\"513\" src=\"http:\/\/broederupkarate.dk\/wp-content\/uploads\/2016\/11\/20240219_162201-405x513.jpg\" class=\"attachment-samurai_school-thumb-team size-samurai_school-thumb-team wp-post-image\" alt=\"Sempai Bolette\" \/><\/a>\n\t\t\t\t\t<div class=\"trx_addons_hover_mask\"><\/div><div class=\"trx_addons_hover_content\">\n\t\t\t\t\t\t\t\t<a href=\"\" class=\"trx_addons_hover_icon trx_addons_hover_icon_link\"><\/a>\n\t\t\t\t\t\t\t\t<a href=\"http:\/\/broederupkarate.dk\/wp-content\/uploads\/2016\/11\/20240219_162201-740x416.jpg\" class=\"trx_addons_hover_icon trx_addons_hover_icon_zoom\"><\/a>\n\t\t\t\t\t\t\t<\/div><\/div>\t<div class=\"sc_team_item_info\">\n\t\t<div class=\"sc_team_item_header\">\n\t\t\t<h4 class=\"sc_team_item_title\"><a href=\"http:\/\/broederupkarate.dk\/index.php\/team\/rebecca-pierce\/\">Sempai Bolette<\/a><\/h4>\n\t\t\t<div class=\"sc_team_item_subtitle\">Tr\u00e6ner - 1. Dan<\/div>\n\t\t<\/div>\n\t<\/div>\n<\/div>\n<\/div><div class=\"trx_addons_column-1_3\"><div class=\"sc_team_item\">\n\t<div class=\"post_featured sc_team_item_thumb trx_addons_hover trx_addons_hover_style_zoomin\">\n\t\t\t\t\t\t\t\t\t\t<a href=\"http:\/\/broederupkarate.dk\/index.php\/team\/heidi-hoffmann-hansen\/\" aria-hidden=\"true\"><img loading=\"lazy\" decoding=\"async\" width=\"405\" height=\"513\" src=\"http:\/\/broederupkarate.dk\/wp-content\/uploads\/2024\/02\/20240219_162326-405x513.jpg\" class=\"attachment-samurai_school-thumb-team size-samurai_school-thumb-team wp-post-image\" alt=\"Sempai Heidi\" \/><\/a>\n\t\t\t\t\t<div class=\"trx_addons_hover_mask\"><\/div><div class=\"trx_addons_hover_content\">\n\t\t\t\t\t\t\t\t<a href=\"\" class=\"trx_addons_hover_icon trx_addons_hover_icon_link\"><\/a>\n\t\t\t\t\t\t\t\t<a href=\"http:\/\/broederupkarate.dk\/wp-content\/uploads\/2024\/02\/20240219_162326-740x416.jpg\" class=\"trx_addons_hover_icon trx_addons_hover_icon_zoom\"><\/a>\n\t\t\t\t\t\t\t<\/div><\/div>\t<div class=\"sc_team_item_info\">\n\t\t<div class=\"sc_team_item_header\">\n\t\t\t<h4 class=\"sc_team_item_title\"><a href=\"http:\/\/broederupkarate.dk\/index.php\/team\/heidi-hoffmann-hansen\/\">Sempai Heidi<\/a><\/h4>\n\t\t\t<div class=\"sc_team_item_subtitle\">Tr\u00e6ner - 2. Dan<\/div>\n\t\t<\/div>\n\t<\/div>\n<\/div>\n<\/div><div class=\"trx_addons_column-1_3\"><div class=\"sc_team_item\">\n\t<div class=\"post_featured sc_team_item_thumb trx_addons_hover trx_addons_hover_style_zoomin\">\n\t\t\t\t\t\t\t\t\t\t<a href=\"http:\/\/broederupkarate.dk\/index.php\/team\/aaron-green\/\" aria-hidden=\"true\"><img loading=\"lazy\" decoding=\"async\" width=\"405\" height=\"513\" src=\"http:\/\/broederupkarate.dk\/wp-content\/uploads\/2016\/11\/20240219_162003-405x513.jpg\" class=\"attachment-samurai_school-thumb-team size-samurai_school-thumb-team wp-post-image\" alt=\"Sempai Brian\" \/><\/a>\n\t\t\t\t\t<div class=\"trx_addons_hover_mask\"><\/div><div class=\"trx_addons_hover_content\">\n\t\t\t\t\t\t\t\t<a href=\"\" class=\"trx_addons_hover_icon trx_addons_hover_icon_link\"><\/a>\n\t\t\t\t\t\t\t\t<a href=\"http:\/\/broederupkarate.dk\/wp-content\/uploads\/2016\/11\/20240219_162003-740x416.jpg\" class=\"trx_addons_hover_icon trx_addons_hover_icon_zoom\"><\/a>\n\t\t\t\t\t\t\t<\/div><\/div>\t<div class=\"sc_team_item_info\">\n\t\t<div class=\"sc_team_item_header\">\n\t\t\t<h4 class=\"sc_team_item_title\"><a href=\"http:\/\/broederupkarate.dk\/index.php\/team\/aaron-green\/\">Sempai Brian<\/a><\/h4>\n\t\t\t<div class=\"sc_team_item_subtitle\">Tr\u00e6ner\/dagligleder - 2. Dan<\/div>\n\t\t<\/div>\n\t<\/div>\n<\/div>\n<\/div><\/div><\/div><!-- \/.sc_team --><div  id=\"sc_team_1557724125\" class=\"sc_team sc_team_short\" data-slides-per-view=\"3\" data-slides-min-width=\"150\"\t\t>\n\t\t<div class=\"sc_team_columns sc_item_columns trx_addons_columns_wrap columns_padding_bottom\"><div class=\"trx_addons_column-1_3\"><div class=\"sc_team_item\">\n\t<div class=\"post_featured sc_team_item_thumb trx_addons_hover trx_addons_hover_style_zoomin\">\n\t\t\t\t\t\t\t\t\t\t<a href=\"http:\/\/broederupkarate.dk\/index.php\/team\/malte\/\" aria-hidden=\"true\"><img loading=\"lazy\" decoding=\"async\" width=\"405\" height=\"480\" src=\"http:\/\/broederupkarate.dk\/wp-content\/uploads\/2024\/02\/Malte-405x480.jpeg\" class=\"attachment-samurai_school-thumb-team size-samurai_school-thumb-team wp-post-image\" alt=\"Sempai Malte\" \/><\/a>\n\t\t\t\t\t<div class=\"trx_addons_hover_mask\"><\/div><div class=\"trx_addons_hover_content\">\n\t\t\t\t\t\t\t\t<a href=\"\" class=\"trx_addons_hover_icon trx_addons_hover_icon_link\"><\/a>\n\t\t\t\t\t\t\t\t<a href=\"http:\/\/broederupkarate.dk\/wp-content\/uploads\/2024\/02\/Malte-640x416.jpeg\" class=\"trx_addons_hover_icon trx_addons_hover_icon_zoom\"><\/a>\n\t\t\t\t\t\t\t<\/div><\/div>\t<div class=\"sc_team_item_info\">\n\t\t<div class=\"sc_team_item_header\">\n\t\t\t<h4 class=\"sc_team_item_title\"><a href=\"http:\/\/broederupkarate.dk\/index.php\/team\/malte\/\">Sempai Malte<\/a><\/h4>\n\t\t\t<div class=\"sc_team_item_subtitle\">Hj\u00e6lpeinstrukt\u00f8r - Junior 1.Dan<\/div>\n\t\t<\/div>\n\t<\/div>\n<\/div>\n<\/div><div class=\"trx_addons_column-1_3\"><div class=\"sc_team_item\">\n\t<div class=\"post_featured sc_team_item_thumb trx_addons_hover trx_addons_hover_style_zoomin\">\n\t\t\t\t\t\t\t\t\t\t<a href=\"http:\/\/broederupkarate.dk\/index.php\/team\/astrid\/\" aria-hidden=\"true\"><img loading=\"lazy\" decoding=\"async\" width=\"405\" height=\"480\" src=\"http:\/\/broederupkarate.dk\/wp-content\/uploads\/2024\/02\/astrid-405x480.jpeg\" class=\"attachment-samurai_school-thumb-team size-samurai_school-thumb-team wp-post-image\" alt=\"Sempai Astrid\" \/><\/a>\n\t\t\t\t\t<div class=\"trx_addons_hover_mask\"><\/div><div class=\"trx_addons_hover_content\">\n\t\t\t\t\t\t\t\t<a href=\"\" class=\"trx_addons_hover_icon trx_addons_hover_icon_link\"><\/a>\n\t\t\t\t\t\t\t\t<a href=\"http:\/\/broederupkarate.dk\/wp-content\/uploads\/2024\/02\/astrid-640x416.jpeg\" class=\"trx_addons_hover_icon trx_addons_hover_icon_zoom\"><\/a>\n\t\t\t\t\t\t\t<\/div><\/div>\t<div class=\"sc_team_item_info\">\n\t\t<div class=\"sc_team_item_header\">\n\t\t\t<h4 class=\"sc_team_item_title\"><a href=\"http:\/\/broederupkarate.dk\/index.php\/team\/astrid\/\">Sempai Astrid<\/a><\/h4>\n\t\t\t<div class=\"sc_team_item_subtitle\">Hj\u00e6lpeinstrukt\u00f8r - Junior 1. Dan<\/div>\n\t\t<\/div>\n\t<\/div>\n<\/div>\n<\/div><\/div><\/div><!-- \/.sc_team -->[\/vc_column][\/vc_row][vc_row][vc_column][vc_empty_space hide_on_mobile=&#8221;1&#8243;][\/vc_column][\/vc_row]<\/p>\n<\/div>","protected":false},"excerpt":{"rendered":"<p>[vc_row css=&#8221;.vc_custom_1479126491885{padding-bottom: 4.8em !important;}&#8221;][vc_column][\/vc_column][\/vc_row][vc_row][vc_column][vc_column_text] Tr\u00e6n traditionel karate Vi tr\u00e6ner Okinawa Go-ju-Ryu karate do i Korskilde hallen. Tr\u00e6ningen er tilpasset nutiden uden at glemme den traditionelle karat disciplin. Vi l\u00e6gger v\u00e6gt p\u00e5, at hver enkel elev kan udvikle sig individuelt. Alle kan tr\u00e6ne karate uanset eventuelle handicap. Karatetr\u00e6ningen styrker den enkeltes selvv\u00e6rd og selvsikkerhed og er god som personlig udvikling. I&hellip;<\/p>\n","protected":false},"author":1,"featured_media":0,"parent":0,"menu_order":0,"comment_status":"closed","ping_status":"closed","template":"","meta":{"_price":"","_stock":"","_tribe_ticket_header":"","_tribe_default_ticket_provider":"","_tribe_ticket_capacity":"0","_ticket_start_date":"","_ticket_end_date":"","_tribe_ticket_show_description":"","_tribe_ticket_show_not_going":false,"_tribe_ticket_use_global_stock":"","_tribe_ticket_global_stock_level":"","_global_stock_mode":"","_global_stock_cap":"","_tribe_rsvp_for_event":"","_tribe_ticket_going_count":"","_tribe_ticket_not_going_count":"","_tribe_tickets_list":"[]","_tribe_ticket_has_attendee_info_fields":false,"footnotes":"","_tec_slr_enabled":"","_tec_slr_layout":""},"class_list":["post-278","page","type-page","status-publish","hentry"],"ticketed":false,"_links":{"self":[{"href":"http:\/\/broederupkarate.dk\/index.php\/wp-json\/wp\/v2\/pages\/278","targetHints":{"allow":["GET"]}}],"collection":[{"href":"http:\/\/broederupkarate.dk\/index.php\/wp-json\/wp\/v2\/pages"}],"about":[{"href":"http:\/\/broederupkarate.dk\/index.php\/wp-json\/wp\/v2\/types\/page"}],"author":[{"embeddable":true,"href":"http:\/\/broederupkarate.dk\/index.php\/wp-json\/wp\/v2\/users\/1"}],"replies":[{"embeddable":true,"href":"http:\/\/broederupkarate.dk\/index.php\/wp-json\/wp\/v2\/comments?post=278"}],"version-history":[{"count":0,"href":"http:\/\/broederupkarate.dk\/index.php\/wp-json\/wp\/v2\/pages\/278\/revisions"}],"wp:attachment":[{"href":"http:\/\/broederupkarate.dk\/index.php\/wp-json\/wp\/v2\/media?parent=278"}],"curies":[{"name":"wp","href":"https:\/\/api.w.org\/{rel}","templated":true}]}}